highest common divisor of 2686 and 3160?
158
What is the greatest common factor of 515655 and 135?
45
Calculate the greatest common factor of 1443975 and 1365.
195
Calculate the highest common factor of 637 and 59384.
13
What is the greatest common factor of 1064 and 658?
14
What is the highest common factor of 13 and 2264?
1
Calculate the highest common factor of 58 and 146711.
29
What is the highest common divisor of 4539 and 231?
3
Calculate the greatest common divisor of 355410 and 33.
33
What is the greatest common divisor of 13685 and 438725?
805
What is the highest common factor of 33 and 43615?
11
What is the greatest common divisor of 13542 and 4209?
183
What is the highest common factor of 34518 and 18?
6
What is the highest common factor of 2087052 and 264?
132
Calculate the greatest common factor of 26837 and 2773.
47
What is the highest common factor of 633517 and 76?
19
What is the highest common factor of 33094 and 2?
2
Calculate the highest common factor of 410 and 81385.
205
Calculate the highest common factor of 8160448 and 128.
64
Calculate the highest common divisor of 9 and 356823.
9
Calculate the greatest common divisor of 49622 and 172.
86
What is the highest common factor of 506680 and 150570?
2390
Calculate the highest common divisor of 14 and 150206.
14
Calculate the highest common divisor of 19807898 and 431.
431
What is the greatest common divisor of 266 and 1291962?
266
What is the greatest common divisor of 200 and 3997600?
200
What is the highest common divisor of 680150 and 450?
50
Calculate the highest common factor of 157080 and 255.
255
What is the greatest common divisor of 494444 and 852?
284
What is the greatest common factor of 2242 and 67142?
118
Calculate the greatest common factor of 206 and 1498238.
206
What is the greatest common factor of 97720 and 210?
70
What is the highest common factor of 60 and 27940?
20
Calculate the highest common factor of 26623 and 5767.
79
Calculate the greatest common divisor of 992 and 11656.
248
Calculate the greatest common divisor of 71 and 1384997.
71
Calculate the highest common factor of 5928 and 8502.
78
Calculate the greatest common divisor of 7035 and 8911.
469
Calculate the greatest common divisor of 176680 and 70.
70
Calculate the greatest common divisor of 1269 and 83331.
423
Calculate the highest common divisor of 19715 and 45.
5
Calculate the greatest common factor of 36 and 22812.
12
What is the greatest common factor of 2004 and 23?
1
Calculate the highest common divisor of 39819 and 1131.
39
Calculate the highest common divisor of 104 and 12472.
8
Calculate the greatest common divisor of 68803 and 434.
7
What is the greatest common divisor of 456 and 27588?
228
Calculate the greatest common factor of 93 and 432481.
31
What is the highest common factor of 44450 and 42?
14
What is the greatest common divisor of 2378 and 899?
29
Calculate the highest common factor of 4323372 and 204.
204
What is the highest common divisor of 23519 and 9251?
29
Calculate the highest common divisor of 799034 and 1324.
662
What is the greatest common divisor of 136 and 14314?
34
Calculate the highest common factor of 22461 and 3.
3
Calculate the highest common factor of 11557 and 736092.
889
What is the greatest common factor of 7764 and 348?
12
Calculate the highest common divisor of 324 and 1644.
12
What is the greatest common divisor of 24 and 7448?
8
What is the greatest common divisor of 33610 and 10?
10
Calculate the greatest common factor of 2821 and 247.
13
Calculate the highest common factor of 88391 and 1099.
157
Calculate the highest common divisor of 742 and 2674.
14
Calculate the greatest common divisor of 56 and 211960.
56
What is the greatest common factor of 6160 and 7315?
385
What is the greatest common divisor of 9916 and 275428?
148
Calculate the greatest common factor of 5 and 40835.
5
What is the highest common factor of 83535 and 25?
5
What is the greatest common divisor of 51 and 21471?
51
Calculate the greatest common divisor of 214486 and 4.
2
What is the greatest common divisor of 7056 and 744?
24
What is the greatest common factor of 1200370 and 340?
170
Calculate the highest common divisor of 4662 and 7659.
333
Calculate the highest common factor of 217415 and 9440.
295
Calculate the highest common factor of 1066 and 4756.
82
What is the greatest common factor of 11 and 40249?
11
What is the highest common factor of 104 and 104546?
26
What is the highest common factor of 376 and 185528?
8
Calculate the greatest common factor of 277571 and 3325.
133
What is the highest common factor of 1824 and 241224?
456
Calculate the greatest common divisor of 11033 and 901.
17
Calculate the greatest common factor of 1372 and 240.
4
Calculate the highest common divisor of 34026 and 318.
318
Calculate the highest common divisor of 3 and 1543.
1
Calculate the highest common divisor of 6 and 140577.
3
What is the greatest common divisor of 293 and 7?
1
Calculate the greatest common factor of 11454 and 5934.
138
Calculate the greatest common divisor of 14124 and 924.
132
Calculate the highest common divisor of 4186 and 19481.
161
Calculate the highest common divisor of 407 and 223073.
37
Calculate the highest common divisor of 426 and 327594.
426
Calculate the highest common divisor of 68757 and 219063.
1599
Calculate the highest common factor of 22527 and 81.
9
What is the greatest common divisor of 2194731 and 198?
99
Calculate the greatest common divisor of 10741795 and 2501.
2501
What is the highest common factor of 10784 and 1225332?
1348
Calculate the greatest common divisor of 312 and 31104.
24
What is the greatest common factor of 188209 and 501?
167
What is the greatest common factor of 54880 and 3020?
20
What is the highest common divisor of 65246 and 5491?
323
What is the greatest common divisor of 260 and 620?
20
What is the greatest common factor of 82 and 3508534?
82
What is the highest common factor of 220968 and 18792?
648
Calculate the highest common factor of 21779 and 1160.
29
What is the highest common divisor of 1734285 and 2324?
581
Calculate the greatest common divisor of 11 and 70631.
11
What is the highest common factor of 341 and 153884?
31
What is the highest common divisor of 76 and 134216?
76
What is the greatest common divisor of 27 and 3177?
9
Calculate the highest common divisor of 427 and 41419.
427
Calculate the greatest common divisor of 956 and 1905308.
956
Calculate the highest common factor of 4459 and 13.
13
What is the greatest common factor of 22333 and 92?
23
Calculate the greatest common factor of 48 and 248208.
48
What is the highest common divisor of 121198 and 1078?
154
What is the highest common divisor of 79911 and 12519?
117
What is the highest common factor of 296703 and 189?
27
What is the greatest common factor of 1820 and 216440?
140
What is the highest common divisor of 11269 and 767?
59
Calculate the highest common divisor of 89964 and 12204.
108
Calculate the greatest common factor of 832 and 74126.
26
Calculate the greatest common divisor of 78 and 2641314.
78
What is the greatest common divisor of 6837 and 31992?
129
Calculate the greatest common factor of 980 and 70364.
196
Calculate the greatest common divisor of 122400 and 575.
25
Calculate the greatest common divisor of 70 and 46610.
10
What is the highest common factor of 257362 and 868?
434
Calculate the highest common divisor of 3043814 and 94.
94
What is the greatest common factor of 209 and 541?
1
What is the greatest common divisor of 275032 and 93?
31
What is the highest common factor of 373 and 1002997?
373
Calculate the greatest common factor of 826 and 377954.
118
Calculate the greatest common factor of 48 and 205800.
24
What is the greatest common factor of 4345 and 4606569?
869
What is the highest common factor of 3698 and 4?
2
What is the highest common factor of 352515 and 30?
15
What is the greatest common factor of 28896 and 301?
301
What is the greatest common divisor of 2 and 120518?
2
Calculate the greatest common divisor of 45 and 2435.
5
What is the greatest common factor of 1976 and 3116?
76
Calculate the highest common factor of 712800 and 180.
180
Calculate the greatest common factor of 320 and 272120.
40
Calculate the highest c